{"id":7322,"date":"2021-08-23T14:08:03","date_gmt":"2021-08-23T12:08:03","guid":{"rendered":"http:\/\/troedel-trulla.de\/hinundweg\/?page_id=7322"},"modified":"2022-02-01T14:24:56","modified_gmt":"2022-02-01T13:24:56","slug":"2020-maerkische-gewaesser","status":"publish","type":"page","link":"https:\/\/troedel-trulla.de\/hinundweg\/?page_id=7322","title":{"rendered":"2020: M\u00c4RKISCHE GEW\u00c4SSER"},"content":{"rendered":"\n<p>Booturlaub Berlin und M\u00e4rkische Gew\u00e4sser<br><\/p>\n\n\n\n<p>Zeitraum: 17. &#8211; 22 August 2021 <br>Boot: Liberty <br><br>Reiseroute: Potsdam &#8211; Berlin &#8211; M\u00e4rkische Gew\u00e4sser &#8211; Berlin &#8211; Potsdam<br> Havel, Potsdam<br> Teltowkanal<br> K\u00f6penick, Berlin<br> M\u00fcggelsee und M\u00fcggelspree, Berlin<br> Die B\u00e4nke, Berlin<br> Flakensee, Brandenburg<br> Kalksee, M\u00e4rkisch Oderland<br> Stienitzsee, M\u00e4rkisch Oderland<br> Werlsee, Brandenburg<br> D\u00e4meritzsee, Brandenburg<br> Seddinsee, Berlin<br> Langer See, Berlin<br> Yachthafen Stralau, Berlin<br> Fahrt auf der Spree durch das Regierungsviertel, Berlin<br> Wannsee, Berlin<br> Havel, Potsdam <br><\/p>\n\n\n\n<p><\/p>\n","protected":false},"excerpt":{"rendered":"<p>Booturlaub Berlin und M\u00e4rkische Gew\u00e4sser Zeitraum: 17. &#8211; 22 August 2021 Boot: Liberty Reiseroute: Potsdam &#8211; Berlin &#8211; M\u00e4rkische Gew\u00e4sser &#8211; Berlin &#8211; Potsdam Havel, Potsdam Teltowkanal K\u00f6penick, Berlin M\u00fcggelsee und M\u00fcggelspree, Berlin Die B\u00e4nke, Berlin Flakensee, Brandenburg Kalksee, M\u00e4rkisch Oderland Stienitzsee, M\u00e4rkisch Oderland Werlsee, Brandenburg D\u00e4meritzsee, Brandenburg Seddinsee, Berlin Langer See, Berlin Yachthafen Stralau, [&hellip;]<\/p>\n","protected":false},"author":1,"featured_media":0,"parent":0,"menu_order":0,"comment_status":"closed","ping_status":"closed","template":"","meta":{"footnotes":""},"class_list":["post-7322","page","type-page","status-publish","hentry"],"_links":{"self":[{"href":"https:\/\/troedel-trulla.de\/hinundweg\/index.php?rest_route=\/wp\/v2\/pages\/7322","targetHints":{"allow":["GET"]}}],"collection":[{"href":"https:\/\/troedel-trulla.de\/hinundweg\/index.php?rest_route=\/wp\/v2\/pages"}],"about":[{"href":"https:\/\/troedel-trulla.de\/hinundweg\/index.php?rest_route=\/wp\/v2\/types\/page"}],"author":[{"embeddable":true,"href":"https:\/\/troedel-trulla.de\/hinundweg\/index.php?rest_route=\/wp\/v2\/users\/1"}],"replies":[{"embeddable":true,"href":"https:\/\/troedel-trulla.de\/hinundweg\/index.php?rest_route=%2Fwp%2Fv2%2Fcomments&post=7322"}],"version-history":[{"count":4,"href":"https:\/\/troedel-trulla.de\/hinundweg\/index.php?rest_route=\/wp\/v2\/pages\/7322\/revisions"}],"predecessor-version":[{"id":7329,"href":"https:\/\/troedel-trulla.de\/hinundweg\/index.php?rest_route=\/wp\/v2\/pages\/7322\/revisions\/7329"}],"wp:attachment":[{"href":"https:\/\/troedel-trulla.de\/hinundweg\/index.php?rest_route=%2Fwp%2Fv2%2Fmedia&parent=7322"}],"curies":[{"name":"wp","href":"https:\/\/api.w.org\/{rel}","templated":true}]}}